
16
Let d be 2/(-7 + 3)*12. Let g be (d + 0)/((-10)/75). What is the greatest common divisor of 5 and g?
5
Let g(j) = -2*j - 17. Let i be g(-9). What is the greatest common factor of 1 and i?
1
Let c(h) = h**2 + 35*h + 206. Let g be c(-28). Suppose -53 = -3*r + 43. Let a = r - 2. Calculate the highest common factor of g and a.
10
Let w(t) = -2*t**2 - 11*t + 5. Let p(k) = -3*k**2 - 21*k + 9. Let f(g) = 5*p(g) - 9*w(g). Let b be f(6). What is the greatest common divisor of b and 8?
8
Let o(m) = m**3 + 6*m**2 + 2*m - 3. Let b be o(-5). Suppose 0 = -5*d - 14 + 4. Let x = 2 - d. Calculate the greatest common factor of b and x.
4
Let n(y) = y + 33. Let j = 12 + -12. Let i be n(j). Let b(v) = 2*v + 3. Let k be b(4). What is the highest common factor of k and i?
11
Let u = 7 + -3. Let o(g) = g**2 + g. Let l be o(u). Calculate the greatest common factor of 8 and l.
4
Suppose 210 = 11*l + 3*l. Suppose 2*h - 3 = h. Suppose 70 = d - 4*c - 61, h*c = -2*d + 273. What is the greatest common factor of l and d?
15
Let u be (49/(-14))/(1/(-22)). Calculate the greatest common factor of u and 11.
11
Suppose 6 = 2*y + 2. Suppose 0 = y*q + 3*q - 1410. Let a = q - 172. What is the highest common divisor of a and 22?
22
Suppose 30 = -4*h + 9*h. Calculate the greatest common divisor of 6 and h.
6
Suppose 6*p - 3*p - 4*v + 62 = 0, -4*p + 3*v = 85. Let c = 10 - p. Suppose -f + 8 + c = 0. Calculate the highest common divisor of 8 and f.
8
Suppose 6*s - 351 - 3 = 0. What is the highest common divisor of s and 177?
59
Suppose -4*a = p, -34 + 2 = -3*p - 4*a. Calculate the highest common divisor of 2 and p.
2
Let p be 15/20 - (-13)/4. Calculate the highest common divisor of p and 8.
4
Let f = 14 - 10. Suppose -j = -f*j + 9. Calculate the greatest common factor of j and 9.
3
Suppose -46 = -5*m + 64. Let p(o) = 2*o**2 - 11*o - 7. Let k be p(8). What is the highest common factor of k and m?
11
Let c(v) = v + 8 - 14 + 2 - 10*v. Let u be c(-9). What is the highest common factor of 7 and u?
7
Let o = -5 + 10. Let s be (19 - 1)*o/3. Calculate the highest common factor of s and 6.
6
Let m(y) = 6*y**3 - 2*y**2 + 2*y - 1. Let i be m(1). What is the highest common factor of i and 40?
5
Let d = 52 + -26. Suppose t = -4*t + 2350. Suppose 5*q - 97 = -2*h + 381, q = -2*h + t. What is the greatest common divisor of h and d?
26
Let x = 176 + -78. Calculate the greatest common factor of 49 and x.
49
Let b(x) = -x**3 + 8*x**2 - 5*x + 1. Let i be b(5). What is the highest common divisor of i and 17?
17
Suppose -3*t + 0*t - 3*b + 9 = 0, -3*b + 15 = 5*t. Suppose t*i = 16 - 1. Suppose -i*m + 0*m = -60. What is the greatest common factor of m and 18?
6
Let s(a) = a**2 - a**3 - 4*a - 4*a**2 + 2*a**3 - 2*a**2. Let m be s(6). Suppose -4*o = -3*o - m. Calculate the highest common factor of 18 and o.
6
Let l(t) = t**2 + 9*t + 28. Let m be l(-10). What is the highest common factor of 19 and m?
19
Let v = -13 + 31. Suppose f + 3 = 2*q - 5, -3*f - v = -4*q. Let a(w) = -w**2 + 5*w + 4. Let b be a(q). What is the greatest common divisor of 90 and b?
10
Suppose -109 = -7*a + 80. Let o = 22 - 4. Calculate the highest common divisor of a and o.
9
Let u be 48/3*1 - (-4)/2. Suppose -l - 185 = -4*r, 4*r - 65 = 3*r + 4*l. What is the highest common divisor of u and r?
9
Suppose -3*g - 4 = h, 2*h - h + g = 6. What is the greatest common divisor of h and 33?
11
Let m be (-6)/(-45) - (-15665)/75. Suppose -u + 6 = u - 2*o, o = -2. Suppose 93 - u = 5*r - l, -3*r + 60 = l. What is the greatest common divisor of m and r?
19
Let g be (-9)/(-3) + -3 - 8. Let t be (g/5)/(3/(-75)). Let y be (1 - 2)/((-1)/16). What is the highest common factor of y and t?
8
Let v = -3 - -6. Suppose -v*g + 12 = -0*g. Let n = -38 + 74. What is the greatest common factor of n and g?
4
Let s = -19 - -8. Suppose -4*b - 37 = i + 23, -5*i = 3*b + 45. Let x = s - b. Calculate the highest common factor of 4 and x.
4
Suppose 0 = 4*s + 20 - 68. Let b = 16 + -8. Let z(p) = 4*p - 8. Let g be z(b). What is the greatest common divisor of s and g?
12
Suppose d + 9 = 2. Let n = 23 + d. Calculate the highest common factor of 8 and n.
8
Let n(h) = -h**3 - 6*h**2 - 7*h - 5. Let p be n(-4). Let f = p + 12. Let m = 4 - -5. What is the greatest common factor of f and m?
3
Let o(w) = -w**3 + 6*w**2 - 3*w - 7. Let m be o(5). Let z = 6 - m. Suppose z*a = -2*a + 330. What is the greatest common factor of a and 11?
11
Let k(p) = p**3 + 8*p**2 + 6*p - 8. Let i be k(-6). Let v = 12 + i. Calculate the highest common factor of v and 8.
8
Let l(w) = -w + 6. Let o be 20/8 - (-1)/2. Let b be l(o). Suppose -b*u + 7 = -5. Calculate the greatest common divisor of 6 and u.
2
Let n(k) = -k**3 + 2*k**2 + 2*k - 2. Let l be n(2). Let z(h) = -2*h**2 - 14*h - 4. Let u be z(-5). Calculate the highest common divisor of u and l.
2
Let p = 41 - 23. Let h be ((-303)/(-11))/3 + 18/(-99). Calculate the highest common factor of h and p.
9
Let g = -980 - -1684. Let t = 2 - -2. Suppose g = 8*x - t*x. Calculate the highest common factor of 16 and x.
16
Let s be ((-8)/6)/(1/(-3)). Suppose 0 = -5*h, 3*v + 2 = -h + 8. Let x be (2/(-4))/(v/(-4)). Calculate the highest common divisor of x and s.
1
Let o(b) = b**2 + b + 12. Let z(w) = -2*w**2 - 2*w - 24. Let f(v) = 5*o(v) + 2*z(v). Let q be f(0). Calculate the greatest common divisor of q and 6.
6
Suppose 4*h + 0*h = 1116. Let n be (-2)/(-12) + h/(-54). Let x = n + 25. What is the highest common factor of x and 30?
10
Let f be ((-6)/12*-8)/2. Let a be 45/6*4/3. Calculate the highest common factor of f and a.
2
Let z(s) = -s**2 - 6*s + 5. Let c be z(-5). What is the highest common divisor of 50 and c?
10
Let r = -10 - -19. What is the greatest common factor of 9 and r?
9
Let l be 1*187/1 + 2. Suppose 198 = -2*c - 4*s, -s + 0*s - 277 = 3*c. Let h = c + l. What is the highest common divisor of h and 14?
14
Let t = -30 + 38. Let j be (-4)/t - 10/(-4). What is the greatest common factor of 4 and j?
2
Suppose 0 = l - 28 - 28. What is the greatest common divisor of l and 140?
28
Suppose 11*y - 16*y = -1155. Calculate the highest common divisor of 21 and y.
21
Let h = 76 - 13. Let s = -18 - -25. Calculate the greatest common factor of s and h.
7
Let h be (1 + (-24)/15)*-5. Let d(k) = 2*k + 2. Let r be d(h). Let s = 7 + r. What is the greatest common factor of 135 and s?
15
Suppose -4*h - 2*o = h - 160, 5*h = 2*o + 160. What is the greatest common divisor of h and 32?
32
Suppose 3*c = 2*q - 2*c - 235, 0 = -4*q - 4*c + 512. What is the greatest common divisor of 50 and q?
25
Let g(o) = -2*o**3 - 2*o**2 - 4*o - 2. Let w = -7 + 5. Let k be g(w). Calculate the highest common factor of 28 and k.
14
Let j(r) = 2*r + 1. Let m be j(0). Calculate the greatest common factor of 3 and m.
1
Let m(c) = 10*c - 6. Let w be m(2). What is the highest common divisor of w and 98?
14
Let j = -38 + 59. Suppose 0 = 3*w - 0*w - 9. Suppose 2*h - 2*k = 22, -4*k = -w*h + k + 41. What is the greatest common factor of h and j?
7
Suppose 12 = -4*y + 6*y. Suppose -60 = -m - 3*m. Calculate the highest common divisor of y and m.
3
Suppose 3*g + 28 = -0*l - l, g - 2*l = -21. Suppose -4*m = 73 + 31. Let s = g - m. What is the highest common factor of 10 and s?
5
Let g(j) = -j**3 - 5*j**2 - j - 1. Let h be g(-5). Suppose -k + h*k = 36. Suppose 0 = f - 5 - 7. Calculate the greatest common factor of k and f.
12
Let a(u) = 3*u**2 + 6*u + 3. Let h be a(-3). Suppose -j - n + 3*n = -132, -5*j - 4*n = -660. What is the greatest common factor of h and j?
12
Let d(u) = -u**2 + 8*u + 4. Let o be d(8). Let j be (-3 - -5)*2/o. What is the greatest common factor of j and 8?
1
Let t(d) = 11*d - 16. Let u(y) = 5*y - 8. Let w(v) = -3*t(v) + 7*u(v). Let i be w(6). What is the highest common divisor of 8 and i?
4
Suppose 0 = -3*k - 0*l - 3*l + 66, -4*k + 94 = l. What is the highest common factor of 8 and k?
8
Let i = 17 + -11. Calculate the highest common divisor of 48 and i.
6
Let b be (80/(-50))/((-2)/5). Suppose -b*d - d + 85 = 5*t, -5*t - d = -97. Let g be (-2)/(-6) - 1912/(-24). What is the greatest common factor of t and g?
20
Suppose -1 - 2 = -3*u. Let o(f) = -f**2 + 11*f + 10. Let s be o(11). Calculate the highest common divisor of s and u.
1
Let u(o) = 20*o**2 + o + 3. Let i be u(-3). Suppose -9 = -3*n